 a prime number?
True
Is 13579 composite?
True
Is 202817 composite?
False
Is 88577 a composite number?
True
Is 22013 a composite number?
False
Is 778153 a composite number?
False
Is 49601 a composite number?
True
Is 1811 a prime number?
True
Is 9491 a composite number?
False
Is 114481 composite?
True
Is 4822 a prime number?
False
Is 69851 composite?
True
Is 1973 a composite number?
False
Is 15907 composite?
False
Is 185863 a prime number?
False
Is 4877141 composite?
False
Is 1728809 composite?
False
Is 5261 prime?
True
Is 1177609 a prime number?
True
Is 40927 a prime number?
True
Is 427178 a composite number?
True
Is 720529 composite?
True
Is 229897 prime?
True
Is 311183 a composite number?
False
Is 8777 a prime number?
False
Is 269879 composite?
False
Is 844087 a composite number?
False
Is 46099 composite?
False
Is 5737 a composite number?
False
Is 6139 prime?
False
Is 160501 a composite number?
True
Is 13848877 a composite number?
True
Is 1637 a composite number?
False
Is 193681 a prime number?
False
Is 588113 a composite number?
False
Is 1316299 composite?
False
Is 12667 a composite number?
True
Is 1568969 a prime number?
True
Is 4395331 prime?
False
Is 2773 a composite number?
True
Is 1019945 prime?
False
Is 656651 a composite number?
False
Is 364621 a prime number?
True
Is 313529 prime?
False
Is 16871 a prime number?
True
Is 27601 prime?
False
Is 3761 composite?
False
Is 2129 a prime number?
True
Is 270269 prime?
True
Is 282407 a prime number?
True
Is 4441 a composite number?
False
Is 335905 prime?
False
Is 4981 prime?
False
Is 241539 a prime number?
False
Is 17291 a composite number?
False
Is 397 a composite number?
False
Is 41929 composite?
True
Is 23467 a composite number?
True
Is 145393 a composite number?
True
Is 5122497 a prime number?
False
Is 90947 prime?
True
Is 21137 composite?
True
Is 130423 prime?
True
Is 1177 a prime number?
False
Is 114391 prime?
False
Is 163235 a composite number?
True
Is 1844291 a prime number?
True
Is 1111951 prime?
False
Is 82577 a prime number?
False
Is 21083 a composite number?
True
Is 3471011 composite?
False
Is 3062 a composite number?
True
Is 4061 prime?
False
Is 8641 composite?
False
Is 20849 a prime number?
True
Is 22353 prime?
False
Is 5627 prime?
False
Is 55763 composite?
False
Is 406949 a prime number?
False
Is 68711 a composite number?
False
Is 48881 a prime number?
False
Is 5099 composite?
False
Is 105881 prime?
False
Is 21701 prime?
True
Is 77057 prime?
False
Is 22531 a prime number?
True
Is 2406919 prime?
True
Is 20573 prime?
False
Is 8683 prime?
False
Is 4889 a prime number?
True
Is 919 a prime number?
True
Is 139483 composite?
False
Is 1906259 prime?
True
Is 5297 a composite number?
False
Is 3433 composite?
False
Is 193979 a composite number?
False
Is 5669 a prime number?
True
Is 3153817 a composite number?
True
Is 81031 composite?
False
Is 1711 a composite number?
True
Is 472859 a composite number?
False
Is 33679 prime?
True
Is 8459 prime?
False
Is 412561 prime?
True
Is 82735 a prime number?
False
Is 438067 composite?
True
Is 1207 composite?
True
Is 693989 composite?
False
Is 17543 a composite number?
True
Is 40011 prime?
False
Is 9109 composite?
False
Is 70251 prime?
False
Is 298 a prime number?
False
Is 9103 a prime number?
True
Is 68521 prime?
True
Is 41057 a composite number?
False
Is 4869743 a prime number?
True
Is 96041 composite?
True
Is 125941 a prime number?
True
Is 4321123 a prime number?
True
Is 40343 composite?
False
Is 21673 a composite number?
False
Is 1240607 composite?
False
Is 141481 prime?
True
Is 36109 prime?
True
Is 533093 prime?
False
Is 3239 composite?
True
Is 13539 composite?
True
Is 140887 a composite number?
True
Is 65497 composite?
False
Is 281057 prime?
False
Is 159757 a composite number?
True
Is 41411 prime?
True
Is 1327 composite?
False
Is 11647 prime?
False
Is 1215111 a prime number?
False
Is 35887 a prime number?
False
Is 49366 a prime number?
False
Is 11771 a composite number?
True
Is 178679 a composite number?
True
Is 456871 prime?
True
Is 80849 a composite number?
False
Is 20731 composite?
False
Is 55313 composite?
False
Is 23357 a composite number?
False
Is 177 a prime number?
False
Is 2959 a composite number?
True
Is 3019 a composite number?
False
Is 116849 composite?
False
Is 14503 prime?
True
Is 603695 a prime number?
False
Is 50033 prime?
True
Is 330677 a composite number?
True
Is 10519 prime?
False
Is 229193 composite?
True
Is 16297 a composite number?
True
Is 887 a composite number?
False
Is 26131 a prime number?
False
Is 116351 a composite number?
False
Is 67627 a prime number?
False
Is 6521 prime?
True
Is 1126085 a prime number?
False
Is 118 a prime number?
False
Is 72715 prime?
False
Is 487919 a composite number?
True
Is 107069 a prime number?
True
Is 6883 a composite number?
False
Is 498794 a composite number?
True
Is 15095 composite?
True
Is 5006 prime?
False
Is 1990055 a composite number?
True
Is 5976151 prime?
False
Is 286583 a prime number?
False
Is 260911 prime?
False
Is 125403 a composite number?
True
Is 265231 prime?
True
Is 4909 a composite number?
False
Is 5639 a composite number?
False
Is 22433 composite?
False
Is 16323 a composite number?
True
Is 443 a composite number?
False
Is 1505873 a composite number?
False
Is 26489 a prime number?
True
Is 10729 prime?
True
Is 502574 a composite number?
True
Is 41573 composite?
True
Is 123817 composite?
False
Is 113143 a composite number?
False
Is 19847 a composite number?
True
Is 1730561 composite?
True
Is 126715 a prime number?
False
Is 30757 composite?
False
Is 27239 composite?
False
Is 116329 a prime number?
True
Is 77591 a prime number?
True
Is 15959 a prime number?
True
Is 145531 a composite number?
False
Is 120799 a prime number?
False
Is 361159 a prime number?
True
Is 87499 a prime number?
False
Is 76931 prime?
False
Is 74923 a prime number?
True
Is 901 composite?
True
Is 1366 composite?
True
Is 768353 a prime number?
True
Is 3353 a composite number?
True
Is 28901 prime?
True
Is 195061 a prime number?
False
Is 229562 prime?
False
Is 27191 composite?
False
Is 2098 a composite number?
True
Is 434369 a prime number?
False
Is 586189 composite?
False
Is 29603 composite?
True
Is 970421 prime?
True
Is 11863 a composite number?
False
Is 389 composite?
False
Is 34607 prime?
True
Is 29171 prime?
False
Is 10453 a prime number?
True
Is 52147 a composite number?
False
Is 727 a composite number?
False
Is 655939 prime?
False
Is 13751 composite?
False
Is 28513 a composite number?
False
Is 5297 composite?
False
Is 2203 composite?
False
Is 253853 composite?
False
Is 2644727 prime?
True
Is 100247 prime?
False
Is 77179 a prime number?
False
Is 16411 prime?
True
Is 5773 a prime number?
False
Is 6823 composite?
False
Is 49409 composite?
False
Is 19541 a prime number?
True
Is 305135 prime?
False
Is 19769 a prime number?
False
Is 6541 prime?
False
Is 51719 a prime number?
True
Is 17539 a composite number?
False
Is 713581 prime?
False
Is 118301 composite?
True
Is 1372099 composite?
True
Is 8501 prime?
True
Is 44399 a prime number?
False
Is 42661 a composite number?
True
Is 522751 prime?
False
Is 294589 composite?
True
Is 47731 a prime number?
False
Is 258461 composite?
True
Is 213713 a prime number?
True
Is 12319 a prime number?
False
Is 8039 prime?
True
Is 22739 a prime number?
True
Is 1160149 a prime number?
False
Is 40331 composite?
True
Is 722657 composite?
True
Is 75569 composite?
True
Is 186889 prime?
True
Is 10627 a composite number?
False
Is 451 a prime number?
False
Is 2781265 composite?
True
Is 14995 composite?
True
Is 19373 composite?
False
Is 3287251 prime?
False
Is 8354 prime?
False
Is 660493 a composite number?
False
Is 32603 a prime number?
True
Is 211 a composite number?
False
Is 317501 composite?
True
Is 2116673 a composite number?
True
Is 53 prime?
True
Is 265819 composite?
False
Is 2171 prime?
False
Is 106087 prime?
True
Is 21143 a prime number?
True
Is 22574 prime?
False
Is 27509 a composite number?
False
Is 130991 a composite number?
True
Is 1109 a composite number?
False
Is 17317 composite?
False
Is 509587 prime?
False
Is 240893 composite?
False
Is 1669 prime?
True
Is 200513 a composite number?
False
Is 188107 a prime number?
True
Is 37769 a composite number?
True
Is 19303 prime?
Fals